{"id":4080,"date":"2021-12-16T13:19:42","date_gmt":"2021-12-16T12:19:42","guid":{"rendered":"https:\/\/phonemarket.re\/?post_type=product&#038;p=4080"},"modified":"2024-10-10T12:46:43","modified_gmt":"2024-10-10T10:46:43","slug":"xiaomi-mi-tv-hdmi-wifi","status":"publish","type":"product","link":"https:\/\/phonemarket.re\/index.php\/produit\/xiaomi-mi-tv-hdmi-wifi\/","title":{"rendered":"XIAOMI MI TV HDMI Wifi"},"content":{"rendered":"<div id=\"cc-m-11487051295\" class=\"j-module n j-header \">\n<h2 id=\"cc-m-header-11487051295\" class=\"\">\u00a0 \u00a0 Fiche technique:<\/h2>\n<\/div>\n<div id=\"cc-m-11487051395\" class=\"j-module n j-text \">\n<p>&nbsp;<\/p>\n<p>Mod\u00e8le : Xiaomi Mi TV Stick<\/p>\n<p>Syst\u00e8me : Android TV 9.0<\/p>\n<p>CPU: Quad-core Cortex-A53<\/p>\n<p>GPU : Mali 450<\/p>\n<p>M\u00e9moire RAM : 1 Go<\/p>\n<p>Stockage: 8 Go<\/p>\n<p>Extension par carte micro SD: non<\/p>\n<p>WiFi: AC double band 2,4 et 5GHz<\/p>\n<p>Ethernet : non<\/p>\n<p>Bluetooth : oui 4.2<\/p>\n<p>Video: Full HD 1080p \u00e0 60 i\/s max (H.265, H.264, VP9-10, VC-1 &#8230;)<\/p>\n<p>Audio: DOLBY, DTS<\/p>\n<p>Connectique: HDMI, micro USB (non OTG)<\/p>\n<p>Langue: Fran\u00e7ais, Anglais, Multilangue etc &#8230;<\/p>\n<p>T\u00e9l\u00e9commande: oui incluse<\/p>\n<p>Manette : non incluse<\/p>\n<p>Poids et dimensions: 92,4 x 30,2 x 15,2 mm<\/p>\n<p>Packaging: 1 stick HDMI, un cable USB\/Micro USB, un prise secteur, 1 t\u00e9l\u00e9commande et des livrets<\/p>\n<\/div>\n","protected":false},"excerpt":{"rendered":"<p>\u00a0 \u00a0 Fiche technique: &nbsp; Mod\u00e8le : Xiaomi Mi TV Stick Syst\u00e8me : Android TV 9.0 CPU: Quad-core Cortex-A53 GPU : Mali 450 M\u00e9moire RAM : 1 Go Stockage: 8 Go Extension par carte micro SD: non WiFi: AC double band 2,4 et 5GHz Ethernet : non Bluetooth : oui 4.2 Video: Full HD 1080p [&hellip;]<\/p>\n","protected":false},"featured_media":4622,"template":"","meta":{"site-sidebar-layout":"default","site-content-layout":"default","ast-site-content-layout":"default","site-content-style":"default","site-sidebar-style":"default","ast-global-header-display":"","ast-banner-title-visibility":"","ast-main-header-display":"","ast-hfb-above-header-display":"","ast-hfb-below-header-display":"","ast-hfb-mobile-header-display":"","site-post-title":"","ast-breadcrumbs-content":"","ast-featured-img":"","footer-sml-layout":"","theme-transparent-header-meta":"default","adv-header-id-meta":"","stick-header-meta":"","header-above-stick-meta":"","header-main-stick-meta":"","header-below-stick-meta":"","astra-migrate-meta-layouts":"set","ast-page-background-enabled":"default","ast-page-background-meta":{"desktop":{"background-color":"var(--ast-global-color-4)","background-image":"","background-repeat":"repeat","background-position":"center center","background-size":"auto","background-attachment":"scroll","background-type":"","background-media":"","overlay-type":"","overlay-color":"","overlay-gradient":""},"tablet":{"background-color":"","background-image":"","background-repeat":"repeat","background-position":"center center","background-size":"auto","background-attachment":"scroll","background-type":"","background-media":"","overlay-type":"","overlay-color":"","overlay-gradient":""},"mobile":{"background-color":"","background-image":"","background-repeat":"repeat","background-position":"center center","background-size":"auto","background-attachment":"scroll","background-type":"","background-media":"","overlay-type":"","overlay-color":"","overlay-gradient":""}},"ast-content-background-meta":{"desktop":{"background-color":"var(--ast-global-color-5)","background-image":"","background-repeat":"repeat","background-position":"center center","background-size":"auto","background-attachment":"scroll","background-type":"","background-media":"","overlay-type":"","overlay-color":"","overlay-gradient":""},"tablet":{"background-color":"var(--ast-global-color-5)","background-image":"","background-repeat":"repeat","background-position":"center center","background-size":"auto","background-attachment":"scroll","background-type":"","background-media":"","overlay-type":"","overlay-color":"","overlay-gradient":""},"mobile":{"background-color":"var(--ast-global-color-5)","background-image":"","background-repeat":"repeat","background-position":"center center","background-size":"auto","background-attachment":"scroll","background-type":"","background-media":"","overlay-type":"","overlay-color":"","overlay-gradient":""}}},"product_brand":[],"product_cat":[20,26],"product_tag":[],"class_list":{"0":"post-4080","1":"product","2":"type-product","3":"status-publish","4":"has-post-thumbnail","6":"product_cat-accessoires","7":"product_cat-accessoires-xiaomi","8":"desktop-align-left","9":"tablet-align-left","10":"mobile-align-left","12":"first","13":"instock","14":"taxable","15":"shipping-taxable","16":"purchasable","17":"product-type-simple"},"_links":{"self":[{"href":"https:\/\/phonemarket.re\/index.php\/wp-json\/wp\/v2\/product\/4080","targetHints":{"allow":["GET"]}}],"collection":[{"href":"https:\/\/phonemarket.re\/index.php\/wp-json\/wp\/v2\/product"}],"about":[{"href":"https:\/\/phonemarket.re\/index.php\/wp-json\/wp\/v2\/types\/product"}],"wp:featuredmedia":[{"embeddable":true,"href":"https:\/\/phonemarket.re\/index.php\/wp-json\/wp\/v2\/media\/4622"}],"wp:attachment":[{"href":"https:\/\/phonemarket.re\/index.php\/wp-json\/wp\/v2\/media?parent=4080"}],"wp:term":[{"taxonomy":"product_brand","embeddable":true,"href":"https:\/\/phonemarket.re\/index.php\/wp-json\/wp\/v2\/product_brand?post=4080"},{"taxonomy":"product_cat","embeddable":true,"href":"https:\/\/phonemarket.re\/index.php\/wp-json\/wp\/v2\/product_cat?post=4080"},{"taxonomy":"product_tag","embeddable":true,"href":"https:\/\/phonemarket.re\/index.php\/wp-json\/wp\/v2\/product_tag?post=4080"}],"curies":[{"name":"wp","href":"https:\/\/api.w.org\/{rel}","templated":true}]}}