{"id":5125,"date":"2024-12-12T11:01:52","date_gmt":"2024-12-12T10:01:52","guid":{"rendered":"https:\/\/phonemarket.re\/?post_type=product&#038;p=5125"},"modified":"2025-03-31T09:26:16","modified_gmt":"2025-03-31T07:26:16","slug":"xiaomi-redmi-14c","status":"publish","type":"product","link":"https:\/\/phonemarket.re\/index.php\/produit\/xiaomi-redmi-14c\/","title":{"rendered":"XIAOMI Redmi 14C"},"content":{"rendered":"<p class=\"page_heading\"><strong>FICHE TECHNIQUE<\/strong><\/p>\n<p><b>Sp\u00e9cificit\u00e9s<\/b><br \/>\n<span style=\"font-weight: 400;\">SIM : <\/span><i><span style=\"font-weight: 400;\">Double SIM<\/span><\/i><br \/>\n<span style=\"font-weight: 400;\">Type de SIM : <\/span><i><span style=\"font-weight: 400;\">Carte Nano-SIM<\/span><\/i><br \/>\n<span style=\"font-weight: 400;\">Syst\u00e8me d\u2019exploitation : <\/span><i><span style=\"font-weight: 400;\">Xiaomi HyperOS<\/span><\/i><br \/>\n<span style=\"font-weight: 400;\">Processeur : <\/span><i><span style=\"font-weight: 400;\">MediaTek Helio G81-Ultra<\/span><\/i><br \/>\n<span style=\"font-weight: 400;\">Batterie:\u00a0 <\/span><i><span style=\"font-weight: 400;\">5160 mAh<\/span><\/i><br \/>\n<span style=\"font-weight: 400;\">Largeur : <\/span><i><span style=\"font-weight: 400;\">77,8 mm<\/span><\/i><br \/>\n<span style=\"font-weight: 400;\">Hauteur : <\/span><i><span style=\"font-weight: 400;\">171,88 mm<\/span><\/i><br \/>\n<span style=\"font-weight: 400;\">Epaisseur : <\/span><i><span style=\"font-weight: 400;\">8,22 mm<\/span><\/i><br \/>\n<span style=\"font-weight: 400;\">Poids : <\/span><i><span style=\"font-weight: 400;\">Noir, Violet = 211g, Bleu = 204g, Vert = 207g\u00a0<\/span><\/i><br \/>\n<b>M\u00e9moire<\/b><br \/>\n<span style=\"font-weight: 400;\">RAM : <\/span><i><span style=\"font-weight: 400;\">4 Go<\/span><\/i><br \/>\n<span style=\"font-weight: 400;\">M\u00e9moire : <\/span><i><span style=\"font-weight: 400;\">128 Go<\/span><\/i><br \/>\n<b>Cam\u00e9ras<\/b><br \/>\n<span style=\"font-weight: 400;\">Cam\u00e9ra arri\u00e8re : <\/span><i><span style=\"font-weight: 400;\">50 MP<\/span><\/i><br \/>\n<span style=\"font-weight: 400;\">Cam\u00e9ra frontale : <\/span><i><span style=\"font-weight: 400;\">13 Mp<\/span><\/i><br \/>\n<b>Affichage<\/b><br \/>\n<span style=\"font-weight: 400;\">Ecran : <\/span><i><span style=\"font-weight: 400;\">Dot Drop 6,88\u201d<\/span><\/i><br \/>\n<span style=\"font-weight: 400;\">D\u00e9finition \u00e9cran : <\/span><i><span style=\"font-weight: 400;\">1640 x 720 pixels<\/span><\/i><br \/>\n<span style=\"font-weight: 400;\">R\u00e9solution : 260 ppp\u00a0<\/span><br \/>\n<b>Connectivit\u00e9s<\/b><br \/>\n<span style=\"font-weight: 400;\">Prise en charge de la reconnaissance faciale via l\u2019IA\u00a0<\/span><br \/>\n<span style=\"font-weight: 400;\">Capteur d\u2019empreintes digitales lat\u00e9ral<\/span><br \/>\n<span style=\"font-weight: 400;\">Capteur de proximit\u00e9 virtuel, capteur de lumi\u00e8re ambiante, acc\u00e9l\u00e9rom\u00e8tre, boussole \u00e9lectronique<\/span><br \/>\n<span style=\"font-weight: 400;\">Technologie Bluetooth : <\/span><i><span style=\"font-weight: 400;\">Bluetooth 5.4<\/span><\/i><br \/>\n<span style=\"font-weight: 400;\">Charge rapide de 18 W\u00a0<\/span><br \/>\n<span style=\"font-weight: 400;\">Bandes r\u00e9seau: 4G\/3G\/2G\/\u00a0<\/span><br \/>\n<span style=\"font-weight: 400;\">NFC<\/span><\/p>\n<p>&nbsp;<\/p>\n","protected":false},"excerpt":{"rendered":"<p>Agr\u00e9able en main, un design simple le Xiaomi Redmi 14C met \u00e0 votre disposition de nombreuses fonctionnalit\u00e9s avec une dur\u00e9e de vie optimale gr\u00e2ce \u00e0 sa batterie de 5160 mAh compatible avec la charge rapide. Et avec le Bluetooth 5.4, le NFC et le Wi-Fi, vous restez connect\u00e9 avec vos amis, votre famille.<\/p>\n<p>Capturez vos moments fort avec son appareil photos arri\u00e8re de 50 et de 13 Mpx.<\/p>\n","protected":false},"featured_media":5126,"template":"","meta":{"site-sidebar-layout":"default","site-content-layout":"default","ast-site-content-layout":"default","site-content-style":"default","site-sidebar-style":"default","ast-global-header-display":"","ast-banner-title-visibility":"","ast-main-header-display":"","ast-hfb-above-header-display":"","ast-hfb-below-header-display":"","ast-hfb-mobile-header-display":"","site-post-title":"","ast-breadcrumbs-content":"","ast-featured-img":"","footer-sml-layout":"","theme-transparent-header-meta":"default","adv-header-id-meta":"","stick-header-meta":"","header-above-stick-meta":"","header-main-stick-meta":"","header-below-stick-meta":"","astra-migrate-meta-layouts":"set","ast-page-background-enabled":"default","ast-page-background-meta":{"desktop":{"background-color":"var(--ast-global-color-4)","background-image":"","background-repeat":"repeat","background-position":"center center","background-size":"auto","background-attachment":"scroll","background-type":"","background-media":"","overlay-type":"","overlay-color":"","overlay-gradient":""},"tablet":{"background-color":"","background-image":"","background-repeat":"repeat","background-position":"center center","background-size":"auto","background-attachment":"scroll","background-type":"","background-media":"","overlay-type":"","overlay-color":"","overlay-gradient":""},"mobile":{"background-color":"","background-image":"","background-repeat":"repeat","background-position":"center center","background-size":"auto","background-attachment":"scroll","background-type":"","background-media":"","overlay-type":"","overlay-color":"","overlay-gradient":""}},"ast-content-background-meta":{"desktop":{"background-color":"var(--ast-global-color-5)","background-image":"","background-repeat":"repeat","background-position":"center center","background-size":"auto","background-attachment":"scroll","background-type":"","background-media":"","overlay-type":"","overlay-color":"","overlay-gradient":""},"tablet":{"background-color":"var(--ast-global-color-5)","background-image":"","background-repeat":"repeat","background-position":"center center","background-size":"auto","background-attachment":"scroll","background-type":"","background-media":"","overlay-type":"","overlay-color":"","overlay-gradient":""},"mobile":{"background-color":"var(--ast-global-color-5)","background-image":"","background-repeat":"repeat","background-position":"center center","background-size":"auto","background-attachment":"scroll","background-type":"","background-media":"","overlay-type":"","overlay-color":"","overlay-gradient":""}}},"product_brand":[],"product_cat":[17,49,72,32],"product_tag":[],"class_list":{"0":"post-5125","1":"product","2":"type-product","3":"status-publish","4":"has-post-thumbnail","6":"product_cat-1er-prix","7":"product_cat-telephones","8":"product_cat-tous-les-marques","9":"product_cat-xiaomi","10":"desktop-align-left","11":"tablet-align-left","12":"mobile-align-left","14":"first","15":"instock","16":"taxable","17":"shipping-taxable","18":"purchasable","19":"product-type-simple"},"_links":{"self":[{"href":"https:\/\/phonemarket.re\/index.php\/wp-json\/wp\/v2\/product\/5125","targetHints":{"allow":["GET"]}}],"collection":[{"href":"https:\/\/phonemarket.re\/index.php\/wp-json\/wp\/v2\/product"}],"about":[{"href":"https:\/\/phonemarket.re\/index.php\/wp-json\/wp\/v2\/types\/product"}],"wp:featuredmedia":[{"embeddable":true,"href":"https:\/\/phonemarket.re\/index.php\/wp-json\/wp\/v2\/media\/5126"}],"wp:attachment":[{"href":"https:\/\/phonemarket.re\/index.php\/wp-json\/wp\/v2\/media?parent=5125"}],"wp:term":[{"taxonomy":"product_brand","embeddable":true,"href":"https:\/\/phonemarket.re\/index.php\/wp-json\/wp\/v2\/product_brand?post=5125"},{"taxonomy":"product_cat","embeddable":true,"href":"https:\/\/phonemarket.re\/index.php\/wp-json\/wp\/v2\/product_cat?post=5125"},{"taxonomy":"product_tag","embeddable":true,"href":"https:\/\/phonemarket.re\/index.php\/wp-json\/wp\/v2\/product_tag?post=5125"}],"curies":[{"name":"wp","href":"https:\/\/api.w.org\/{rel}","templated":true}]}}